{"id":1406,"date":"2021-11-21T15:14:19","date_gmt":"2021-11-21T18:14:19","guid":{"rendered":"https:\/\/clickbeneficios.net\/index.php\/about\/"},"modified":"2023-11-20T14:40:29","modified_gmt":"2023-11-20T17:40:29","slug":"about","status":"publish","type":"page","link":"https:\/\/clickbeneficios.net\/index.php\/about\/","title":{"rendered":"Sobre N\u00f3s"},"content":{"rendered":"<h3 style=\"text-align: left;\">Quem somos?<\/h3>\n<p>\u00a0<\/p>\n<p>Uma empresa com 14 anos no mercado.<\/p>\n<p>A Clickbenef\u00edcios est\u00e1 presente no mercado h\u00e1 mais de 14 anos, atuando na \u00e1rea de gest\u00e3o de benef\u00edcios de vale transporte, alimenta\u00e7\u00e3o, refei\u00e7\u00e3o, combust\u00edvel, planos de sa\u00fade, planos odontol\u00f3gicos e seguros em geral, oferecendo solu\u00e7\u00f5es e flexibilidade aos seus clientes nos mais diversos produtos e servi\u00e7os.\u00a0\u00a0<\/p>\n<p>J\u00e1 pensou ter todos os produtos e servi\u00e7os em um s\u00f3 lugar?<\/p>\n<p>Agilidade e equipe capacitada s\u00e3o vantagens que d\u00e3o forma \u00e0 empresa. Ao contratar um seguro com a nossa corretora, o cliente conta com v\u00e1rios servi\u00e7os e benef\u00edcios exclusivos que apenas quem j\u00e1 possui tempo e credibilidade de mercado de seguros pode oferecer.<\/p>\n<p>N\u00e3o importa qual o seguro que o cliente contrate: s\u00f3 quem entende profundamente o assunto, pode indicar, com total seguran\u00e7a, a melhor op\u00e7\u00e3o de seguro para o cliente.<\/p>\n<p>Conhe\u00e7a nossos produtos.<\/p>\n<p>Faz um Click!\u00a0<\/p>\n<p>\u00a0<\/p>\n<p style=\"text-align: center;\">\u00a0<\/p>\n<p>\t\t\t<a href=\"#jkit_video_button_jeg_module___655b9a0d51adc\"   ><\/a><template id=\"jkit_video_button_jeg_module___655b9a0d51adc\"><video autoplay controls   height=1080 width=1920 src=https:\/\/clickbeneficios.net\/wp-content\/uploads\/2023\/10\/QuemSomos__NoWatermark.mp4 ><\/video><\/template>\t\t<\/p>\n<style>\/*! elementor - v3.17.0 - 08-11-2023 *\/\n.elementor-column .elementor-spacer-inner{height:var(--spacer-size)}.e-con{--container-widget-width:100%}.e-con-inner>.elementor-widget-spacer,.e-con>.elementor-widget-spacer{width:var(--container-widget-width,var(--spacer-size));--align-self:var(--container-widget-align-self,initial);--flex-shrink:0}.e-con-inner>.elementor-widget-spacer>.elementor-widget-container,.e-con>.elementor-widget-spacer>.elementor-widget-container{height:100%;width:100%}.e-con-inner>.elementor-widget-spacer>.elementor-widget-container>.elementor-spacer,.e-con>.elementor-widget-spacer>.elementor-widget-container>.elementor-spacer{height:100%}.e-con-inner>.elementor-widget-spacer>.elementor-widget-container>.elementor-spacer>.elementor-spacer-inner,.e-con>.elementor-widget-spacer>.elementor-widget-container>.elementor-spacer>.elementor-spacer-inner{height:var(--container-widget-height,var(--spacer-size))}.e-con-inner>.elementor-widget-spacer.elementor-widget-empty,.e-con>.elementor-widget-spacer.elementor-widget-empty{position:relative;min-height:22px;min-width:22px}.e-con-inner>.elementor-widget-spacer.elementor-widget-empty .elementor-widget-empty-icon,.e-con>.elementor-widget-spacer.elementor-widget-empty .elementor-widget-empty-icon{position:absolute;top:0;bottom:0;left:0;right:0;margin:auto;padding:0;width:22px;height:22px}<\/style>\n<style>\/*! elementor - v3.17.0 - 08-11-2023 *\/\n.elementor-testimonial-wrapper{overflow:hidden;text-align:center}.elementor-testimonial-wrapper .elementor-testimonial-content{font-size:1.3em;margin-bottom:20px}.elementor-testimonial-wrapper .elementor-testimonial-name{line-height:1.5;display:block}.elementor-testimonial-wrapper .elementor-testimonial-job{font-size:.85em;display:block}.elementor-testimonial-wrapper .elementor-testimonial-meta{width:100%;line-height:1}.elementor-testimonial-wrapper .elementor-testimonial-meta-inner{display:inline-block}.elementor-testimonial-wrapper .elementor-testimonial-meta .elementor-testimonial-details,.elementor-testimonial-wrapper .elementor-testimonial-meta .elementor-testimonial-image{display:table-cell;vertical-align:middle}.elementor-testimonial-wrapper .elementor-testimonial-meta .elementor-testimonial-image img{width:60px;height:60px;border-radius:50%;-o-object-fit:cover;object-fit:cover;max-width:none}.elementor-testimonial-wrapper .elementor-testimonial-meta.elementor-testimonial-image-position-aside .elementor-testimonial-image{padding-right:15px}.elementor-testimonial-wrapper .elementor-testimonial-meta.elementor-testimonial-image-position-aside .elementor-testimonial-details{text-align:left}.elementor-testimonial-wrapper .elementor-testimonial-meta.elementor-testimonial-image-position-top .elementor-testimonial-details,.elementor-testimonial-wrapper .elementor-testimonial-meta.elementor-testimonial-image-position-top .elementor-testimonial-image{display:block}.elementor-testimonial-wrapper .elementor-testimonial-meta.elementor-testimonial-image-position-top .elementor-testimonial-image{margin-bottom:20px}<\/style>\n<p>\t\t\t\t\t\t\tO nosso prop\u00f3sito \u00e9 conquistar clientes que conquistam clientes.<br \/>\n\t\t\t\t\t\t\t<img width=\"200\" height=\"200\" src=\"https:\/\/clickbeneficios.net\/wp-content\/uploads\/2023\/05\/Shiv-Sing.jpg\" alt=\"\" decoding=\"async\" loading=\"lazy\" srcset=\"https:\/\/clickbeneficios.net\/wp-content\/uploads\/2023\/05\/Shiv-Sing.jpg 200w, https:\/\/clickbeneficios.net\/wp-content\/uploads\/2023\/05\/Shiv-Sing-150x150.jpg 150w\" sizes=\"auto, (max-width: 200px) 100vw, 200px\" \/><br \/>\n\t\t\t\t\t\t\t\t\t\t\t\t\t\tShiv Sing<br \/>\n\t\t\t\t\t\t\t\t\t\t\t\t\t\t\t\t\t\t\t\t\t\tInovation Specialist<\/p>\n<p>O que os  clientes<svg xmlns=\"http:\/\/www.w3.org\/2000\/svg\" viewBox=\"0 0 500 150\" preserveAspectRatio=\"none\"><path  d=\"M9.5,52.5s361-31,478,0\" transform=\"translate(-9.11 -34.22)\"\/><path  d=\"M484.5,55.5s-386-2-432,15c0,0,317-12,358,5,0,0-177-4-227,11\" transform=\"translate(-9.11 -34.22)\"\/><\/svg> pensam sobre n\u00f3s?<\/p>\n<ul>\n<li><\/li>\n<li><\/li>\n<li><\/li>\n<li><\/li>\n<li><\/li>\n<\/ul>\n<p>                    <strong>Let\u00edcia dos Santos<\/strong><\/p>\n<p>Lauro de Freitas &#8211; BA<\/p>\n<p>Pelo simples fato da empresa ser super atenciosa. ter respeito e compromisso com seus clientes, estou muito satisfeita com a Clickbenef\u00edcios. Nota 1000.<\/p>\n<ul>\n<li><\/li>\n<li><\/li>\n<li><\/li>\n<li><\/li>\n<li><\/li>\n<\/ul>\n<p>                    <strong>Josiane de Almeida<\/strong><\/p>\n<p>Cama\u00e7ari &#8211; BA<\/p>\n<p>Atendimento r\u00e1pido, eficiente e muito instrutivo. N\u00e3o me restaram d\u00favida ao falar com os agentes da corretora.<\/p>\n<ul>\n<li><\/li>\n<li><\/li>\n<li><\/li>\n<li><\/li>\n<\/ul>\n<p>                    <strong>Pamela Souza<\/strong><\/p>\n<p>Salvador &#8211; BA<\/p>\n<p>Funciona e n\u00e3o \u00e9 propaganda enganosa. Parab\u00e9ns! Estou feliz em ter fechado meu seguro auto com voc\u00eas.<\/p>\n<ul>\n<li><\/li>\n<li><\/li>\n<li><\/li>\n<li><\/li>\n<li><\/li>\n<\/ul>\n<p>                    <strong>Graciele dos reis<\/strong><\/p>\n<p>Pojuca &#8211; BA<\/p>\n<p>O atendimento da Click foi muito bom. N\u00e3o tenho pontos negativos a dizer. Equipe jovem e com muita vontade de conseguir a melhor solu\u00e7\u00e3o para minha necessidade. Sucesso!<\/p>\n<ul>\n<li><\/li>\n<li><\/li>\n<li><\/li>\n<li><\/li>\n<li><\/li>\n<\/ul>\n<p>                    <strong>Felipe Souza<\/strong><\/p>\n<p>Sim\u00f5es Filho &#8211; BA<\/p>\n<p>Nota 10, porque achei voc\u00eas bem respons\u00e1veis, honestos e atenciosos com as pessoas. O atendimento \u00e9 de primeira e eu fiquei bem satisfeito. <\/p>\n<style>\/*! pro-elements - v3.17.0 - 01-11-2023 *\/\n.elementor-slides .swiper-slide-bg{background-size:cover;background-position:50%;background-repeat:no-repeat;min-width:100%;min-height:100%}.elementor-slides .swiper-slide-inner{background-repeat:no-repeat;background-position:50%;position:absolute;top:0;left:0;bottom:0;right:0;padding:50px;margin:auto}.elementor-slides .swiper-slide-inner,.elementor-slides .swiper-slide-inner:hover{color:#fff;display:flex}.elementor-slides .swiper-slide-inner .elementor-background-overlay{position:absolute;z-index:0;top:0;bottom:0;left:0;right:0}.elementor-slides .swiper-slide-inner .elementor-slide-content{position:relative;z-index:1;width:100%}.elementor-slides .swiper-slide-inner .elementor-slide-heading{font-size:35px;font-weight:700;line-height:1}.elementor-slides .swiper-slide-inner .elementor-slide-description{font-size:17px;line-height:1.4}.elementor-slides .swiper-slide-inner .elementor-slide-description:not(:last-child),.elementor-slides .swiper-slide-inner .elementor-slide-heading:not(:last-child){margin-bottom:30px}.elementor-slides .swiper-slide-inner .elementor-slide-button{border:2px solid #fff;color:#fff;background:transparent;display:inline-block}.elementor-slides .swiper-slide-inner .elementor-slide-button,.elementor-slides .swiper-slide-inner .elementor-slide-button:hover{background:transparent;color:inherit;text-decoration:none}.elementor--v-position-top .swiper-slide-inner{align-items:flex-start}.elementor--v-position-bottom .swiper-slide-inner{align-items:flex-end}.elementor--v-position-middle .swiper-slide-inner{align-items:center}.elementor--h-position-left .swiper-slide-inner{justify-content:flex-start}.elementor--h-position-right .swiper-slide-inner{justify-content:flex-end}.elementor--h-position-center .swiper-slide-inner{justify-content:center}body.rtl .elementor-widget-slides .elementor-swiper-button-next{left:10px;right:auto}body.rtl .elementor-widget-slides .elementor-swiper-button-prev{right:10px;left:auto}.elementor-slides-wrapper div:not(.swiper-slide)>.swiper-slide-inner{display:none}@media (max-width:767px){.elementor-slides .swiper-slide-inner{padding:30px}.elementor-slides .swiper-slide-inner .elementor-slide-heading{font-size:23px;line-height:1;margin-bottom:15px}.elementor-slides .swiper-slide-inner .elementor-slide-description{font-size:13px;line-height:1.4;margin-bottom:15px}}<\/style>\n<p>\t\t\t\t\t\t\t\t\t\t\t\t\t\tPrevious slide<br \/>\n\t\t\t\t\t\t\t\t\t\t\t\t\t\tNext slide<\/p>\n<h5 style=\"text-align: center;\">Aguardamos o seu contato!<\/h5>\n<p>\t\t<!-- Advanced Slider --><\/p>\n<p style=\"text-align: center;\">Confira novidades em nossas redes sociais!<\/p>\n<style>\/*! elementor - v3.17.0 - 08-11-2023 *\/\n.elementor-widget-social-icons.elementor-grid-0 .elementor-widget-container,.elementor-widget-social-icons.elementor-grid-mobile-0 .elementor-widget-container,.elementor-widget-social-icons.elementor-grid-tablet-0 .elementor-widget-container{line-height:1;font-size:0}.elementor-widget-social-icons:not(.elementor-grid-0):not(.elementor-grid-tablet-0):not(.elementor-grid-mobile-0) .elementor-grid{display:inline-grid}.elementor-widget-social-icons .elementor-grid{grid-column-gap:var(--grid-column-gap,5px);grid-row-gap:var(--grid-row-gap,5px);grid-template-columns:var(--grid-template-columns);justify-content:var(--justify-content,center);justify-items:var(--justify-content,center)}.elementor-icon.elementor-social-icon{font-size:var(--icon-size,25px);line-height:var(--icon-size,25px);width:calc(var(--icon-size, 25px) + (2 * var(--icon-padding, .5em)));height:calc(var(--icon-size, 25px) + (2 * var(--icon-padding, .5em)))}.elementor-social-icon{--e-social-icon-icon-color:#fff;display:inline-flex;background-color:#69727d;align-items:center;justify-content:center;text-align:center;cursor:pointer}.elementor-social-icon i{color:var(--e-social-icon-icon-color)}.elementor-social-icon svg{fill:var(--e-social-icon-icon-color)}.elementor-social-icon:last-child{margin:0}.elementor-social-icon:hover{opacity:.9;color:#fff}.elementor-social-icon-android{background-color:#a4c639}.elementor-social-icon-apple{background-color:#999}.elementor-social-icon-behance{background-color:#1769ff}.elementor-social-icon-bitbucket{background-color:#205081}.elementor-social-icon-codepen{background-color:#000}.elementor-social-icon-delicious{background-color:#39f}.elementor-social-icon-deviantart{background-color:#05cc47}.elementor-social-icon-digg{background-color:#005be2}.elementor-social-icon-dribbble{background-color:#ea4c89}.elementor-social-icon-elementor{background-color:#d30c5c}.elementor-social-icon-envelope{background-color:#ea4335}.elementor-social-icon-facebook,.elementor-social-icon-facebook-f{background-color:#3b5998}.elementor-social-icon-flickr{background-color:#0063dc}.elementor-social-icon-foursquare{background-color:#2d5be3}.elementor-social-icon-free-code-camp,.elementor-social-icon-freecodecamp{background-color:#006400}.elementor-social-icon-github{background-color:#333}.elementor-social-icon-gitlab{background-color:#e24329}.elementor-social-icon-globe{background-color:#69727d}.elementor-social-icon-google-plus,.elementor-social-icon-google-plus-g{background-color:#dd4b39}.elementor-social-icon-houzz{background-color:#7ac142}.elementor-social-icon-instagram{background-color:#262626}.elementor-social-icon-jsfiddle{background-color:#487aa2}.elementor-social-icon-link{background-color:#818a91}.elementor-social-icon-linkedin,.elementor-social-icon-linkedin-in{background-color:#0077b5}.elementor-social-icon-medium{background-color:#00ab6b}.elementor-social-icon-meetup{background-color:#ec1c40}.elementor-social-icon-mixcloud{background-color:#273a4b}.elementor-social-icon-odnoklassniki{background-color:#f4731c}.elementor-social-icon-pinterest{background-color:#bd081c}.elementor-social-icon-product-hunt{background-color:#da552f}.elementor-social-icon-reddit{background-color:#ff4500}.elementor-social-icon-rss{background-color:#f26522}.elementor-social-icon-shopping-cart{background-color:#4caf50}.elementor-social-icon-skype{background-color:#00aff0}.elementor-social-icon-slideshare{background-color:#0077b5}.elementor-social-icon-snapchat{background-color:#fffc00}.elementor-social-icon-soundcloud{background-color:#f80}.elementor-social-icon-spotify{background-color:#2ebd59}.elementor-social-icon-stack-overflow{background-color:#fe7a15}.elementor-social-icon-steam{background-color:#00adee}.elementor-social-icon-stumbleupon{background-color:#eb4924}.elementor-social-icon-telegram{background-color:#2ca5e0}.elementor-social-icon-thumb-tack{background-color:#1aa1d8}.elementor-social-icon-tripadvisor{background-color:#589442}.elementor-social-icon-tumblr{background-color:#35465c}.elementor-social-icon-twitch{background-color:#6441a5}.elementor-social-icon-twitter{background-color:#1da1f2}.elementor-social-icon-viber{background-color:#665cac}.elementor-social-icon-vimeo{background-color:#1ab7ea}.elementor-social-icon-vk{background-color:#45668e}.elementor-social-icon-weibo{background-color:#dd2430}.elementor-social-icon-weixin{background-color:#31a918}.elementor-social-icon-whatsapp{background-color:#25d366}.elementor-social-icon-wordpress{background-color:#21759b}.elementor-social-icon-xing{background-color:#026466}.elementor-social-icon-yelp{background-color:#af0606}.elementor-social-icon-youtube{background-color:#cd201f}.elementor-social-icon-500px{background-color:#0099e5}.elementor-shape-rounded .elementor-icon.elementor-social-icon{border-radius:10%}.elementor-shape-circle .elementor-icon.elementor-social-icon{border-radius:50%}<\/style>\n<p>\t\t\t\t\t<a href=\"https:\/\/clickbeneficios.blogspot.com\/\" target=\"_blank\" rel=\"noopener\"><br \/>\n\t\t\t\t\t\t<svg xmlns:dc=\"http:\/\/purl.org\/dc\/elements\/1.1\/\" xmlns:cc=\"http:\/\/creativecommons.org\/ns#\" xmlns:rdf=\"http:\/\/www.w3.org\/1999\/02\/22-rdf-syntax-ns#\" xmlns:svg=\"http:\/\/www.w3.org\/2000\/svg\" xmlns=\"http:\/\/www.w3.org\/2000\/svg\" viewBox=\"0 0 200.15844 200.15843\" height=\"56.489159mm\" width=\"56.489159mm\"><g transform=\"translate(-27.09796,-27.287332)\"><g style=\"fill:#000000;fill-opacity:1;\"><path style=\"fill:#ff5722;fill-opacity:1\" d=\"m 147.38098,137.23353 q 4.2287,0 7.04783,3.28899 2.81914,2.81913 2.81914,7.04783 0,4.2287 -2.81914,7.04783 -2.81913,2.81914 -7.04783,2.81914 l -40.87743,0 q -4.2287,0 -7.047836,-2.81914 -2.819133,-2.81913 -2.819133,-7.04783 0,-4.2287 2.819133,-7.04783 2.819136,-3.28899 7.047836,-3.28899 l 40.87743,0 z m -40.87743,-30.07076 q -4.2287,0 -7.047836,-2.81913 -2.819133,-2.81913 -2.819133,-7.047833 0,-4.2287 2.819133,-7.047833 2.819136,-2.819134 7.047836,-2.819134 l 26.31191,0 q 4.2287,0 7.04783,2.819134 2.81913,2.819133 2.81913,7.047833 0,4.228703 -2.81913,7.047833 -2.81913,2.81913 -7.04783,2.81913 l -26.31191,0 z m 60.61136,0 0,-19.73393 q 0,-12.216244 -8.92725,-21.143499 -8.92726,-8.927256 -21.1435,-8.927256 l -39.937724,0 q -12.216244,0 -21.143499,8.927256 -8.927256,8.927255 -8.927256,21.143499 l 0,70.00848 q 0,12.21624 8.927256,21.1435 8.927255,8.92725 21.143499,8.92725 l 60.141514,0 q 12.21624,0 21.1435,-8.92725 8.92725,-8.92726 8.92725,-21.1435 l 0,-30.07076 q 0,-4.2287 -2.81913,-7.04783 -2.81914,-2.81913 -7.04784,-2.81913 -4.2287,0 -7.51768,-2.81914 -2.81914,-3.28899 -2.81914,-7.51769 z m 40.40758,-79.87544 q 7.98754,0 13.62581,6.108122 6.10812,5.638267 6.10812,13.625811 l 0,160.690597 q 0,7.98754 -6.10812,14.09567 -5.63827,5.63826 -13.62581,5.63826 l -160.690597,0 q -7.987545,0 -14.095667,-5.63826 -5.638266,-6.10813 -5.638266,-14.09567 l 0,-160.690597 q 0,-7.987544 5.638266,-13.625811 6.108122,-6.108122 14.095667,-6.108122 l 160.690597,0 z\"><\/path><\/g><path transform=\"translate(27.09796,27.287324)\" d=\"m 65.761357,159.75754 c -9.336003,-1.19708 -18.475728,-8.04083 -22.832613,-17.09688 -2.830636,-5.88364 -2.64474,-2.55363 -2.64474,-47.376152 0,-37.957108 0.03311,-40.075082 0.66331,-42.426407 2.809199,-10.481389 11.197563,-18.814146 21.964107,-21.818507 2.797691,-0.780685 3.089685,-0.789368 26.870057,-0.799086 23.804382,-0.0097 24.072512,-0.002 27.171122,0.787567 8.35403,2.128599 15.95662,8.328453 19.8324,16.173172 2.72958,5.524766 2.75042,5.673938 2.98903,21.38998 l 0.21203,13.965359 0.91973,1.944544 c 1.76588,3.733534 4.04565,5.182466 9.21485,5.856604 3.88163,0.506218 5.52881,1.167218 7.20209,2.890137 2.57227,2.648585 2.46232,1.618302 2.46232,23.073059 0,19.22498 -0.002,19.27465 -0.82873,21.90786 -1.71194,5.45182 -4.438,9.73635 -8.76724,13.77939 -4.72738,4.41484 -9.89404,6.8985 -16.1652,7.77074 -3.36915,0.4686 -64.590665,0.44942 -68.262523,-0.0214 z m 58.668353,-30.30823 c 2.10695,-0.96046 3.63435,-2.39908 4.697,-4.42398 0.81414,-1.55135 0.95004,-2.2397 0.95065,-4.81531 7.1e-4,-3.47266 -0.57199,-4.88462 -2.99426,-7.38061 -2.92323,-3.01217 -1.43692,-2.85589 -27.244322,-2.86467 l -22.823162,-0.008 -1.821436,0.90766 c -3.31576,1.65232 -5.385654,4.8251 -5.662342,8.67938 -0.308758,4.30102 1.621978,7.82063 5.293876,9.65042 l 1.836349,0.91509 23.176715,-0.008 c 21.666172,-0.007 23.268892,-0.0498 24.590932,-0.65244 l 0,1e-5 z M 109.93402,79.060862 c 3.80787,-1.803303 5.64223,-4.747335 5.64223,-9.055421 0,-4.285934 -1.87947,-7.305806 -5.64223,-9.065754 l -1.76777,-0.826834 -15.404974,-0.0035 c -17.744838,-0.004 -17.722108,-0.0071 -20.524733,2.870201 -1.95392,2.006014 -2.784385,4.156199 -2.784385,7.20914 0,3.969223 2.653756,7.903665 6.174032,9.153578 1.152415,0.409178 4.423972,0.511514 16.983715,0.53126 l 15.556345,0.02447 1.76777,-0.837165 0,-7e-6 z\" style=\"fill:#ffffff;fill-opacity:1\"><\/path><\/g><\/svg>\t\t\t\t\t<\/a><br \/>\n\t\t\t\t\t<a href=\"https:\/\/www.facebook.com\/profile.php?id=100089842269885\" target=\"_blank\" rel=\"noopener\"><br \/>\n\t\t\t\t\t\tFacebook<br \/>\n\t\t\t\t\t\t\t\t\t\t\t<\/a><br \/>\n\t\t\t\t\t<a href=\"https:\/\/www.instagram.com\/clickbeneficios\/\" target=\"_blank\" rel=\"noopener\"><br \/>\n\t\t\t\t\t\t<svg xmlns=\"http:\/\/www.w3.org\/2000\/svg\" xmlns:xlink=\"http:\/\/www.w3.org\/1999\/xlink\" width=\"256\" height=\"256\" viewBox=\"0 0 256 256\" xml:space=\"preserve\"><defs><\/defs><g style=\"stroke: none; stroke-width: 0; stroke-dasharray: none; stroke-linecap: butt; stroke-linejoin: miter; stroke-miterlimit: 10; fill: none; fill-rule: nonzero; opacity: 1;\" transform=\"translate(1.4065934065934016 1.4065934065934016) scale(2.81 2.81)\">\t<linearGradient id=\"SVGID_3\" gradientUnits=\"userSpaceOnUse\" gradientTransform=\"matrix(1 0 0 -1 0 92)\" x1=\"7.5528\" y1=\"9.5531\" x2=\"82.4473\" y2=\"84.4475\"><stop offset=\"0%\" style=\"stop-color:rgb(255,214,0);stop-opacity: 1\"><\/stop><stop offset=\"50%\" style=\"stop-color:rgb(255,1,0);stop-opacity: 1\"><\/stop><stop offset=\"100%\" style=\"stop-color:rgb(216,0,185);stop-opacity: 1\"><\/stop><\/linearGradient><path d=\"M 89.729 26.447 c -0.219 -4.79 -0.98 -8.061 -2.092 -10.923 c -1.13 -3.003 -2.901 -5.723 -5.19 -7.971 c -2.247 -2.289 -4.968 -4.062 -7.971 -5.192 C 71.614 1.25 68.343 0.49 63.553 0.272 C 58.754 0.053 57.221 0 45 0 S 31.246 0.053 26.447 0.271 c -4.79 0.219 -8.061 0.98 -10.923 2.092 c -3.003 1.13 -5.723 2.901 -7.971 5.19 c -2.289 2.247 -4.062 4.967 -5.192 7.97 C 1.25 18.386 0.49 21.657 0.272 26.446 C 0.052 31.246 0 32.779 0 45 c 0 12.222 0.052 13.755 0.272 18.554 c 0.218 4.789 0.979 8.061 2.092 10.923 c 1.13 3.002 2.901 5.723 5.19 7.97 c 2.247 2.289 4.968 4.061 7.971 5.19 c 2.862 1.113 6.133 1.873 10.923 2.092 C 31.247 89.948 32.78 90 45.001 90 s 13.754 -0.051 18.553 -0.271 c 4.79 -0.219 8.061 -0.979 10.923 -2.092 c 6.045 -2.337 10.823 -7.116 13.16 -13.16 c 1.113 -2.863 1.873 -6.134 2.092 -10.923 C 89.948 58.754 90 57.221 90 45 C 90 32.779 89.948 31.246 89.729 26.447 z M 81.629 63.185 c -0.2 4.388 -0.933 6.77 -1.549 8.356 c -1.514 3.925 -4.616 7.026 -8.54 8.54 c -1.585 0.616 -3.968 1.349 -8.356 1.549 C 58.44 81.847 57.016 81.892 45 81.892 c -12.017 0 -13.44 -0.045 -18.184 -0.262 c -4.387 -0.2 -6.77 -0.933 -8.356 -1.549 c -1.954 -0.722 -3.722 -1.872 -5.174 -3.367 c -1.495 -1.452 -2.645 -3.219 -3.367 -5.174 c -0.616 -1.585 -1.349 -3.968 -1.549 -8.356 c -0.216 -4.745 -0.262 -6.168 -0.262 -18.184 c 0 -12.016 0.046 -13.439 0.262 -18.184 c 0.201 -4.388 0.933 -6.77 1.549 -8.356 c 0.722 -1.955 1.872 -3.723 3.367 -5.175 c 1.452 -1.495 3.22 -2.645 5.175 -3.366 c 1.585 -0.617 3.968 -1.349 8.356 -1.55 C 31.561 8.154 32.984 8.108 45 8.108 h -0.001 c 12.016 0 13.439 0.046 18.184 0.263 c 4.388 0.2 6.77 0.933 8.356 1.549 c 1.954 0.722 3.722 1.872 5.174 3.366 c 1.495 1.452 2.645 3.22 3.366 5.175 c 0.617 1.585 1.35 3.968 1.55 8.356 c 0.216 4.745 0.262 6.168 0.262 18.184 C 81.891 57.017 81.846 58.439 81.629 63.185 z\" style=\"stroke: none; stroke-width: 1; stroke-dasharray: none; stroke-linecap: butt; stroke-linejoin: miter; stroke-miterlimit: 10; fill: url(#SVGID_3); fill-rule: nonzero; opacity: 1;\" transform=\" matrix(1 0 0 1 0 0) \" stroke-linecap=\"round\"><\/path>\t<linearGradient id=\"SVGID_4\" gradientUnits=\"userSpaceOnUse\" gradientTransform=\"matrix(1 0 0 -1 0 92)\" x1=\"28.6598\" y1=\"30.66\" x2=\"61.3394\" y2=\"63.3397\"><stop offset=\"0%\" style=\"stop-color:rgb(255,100,0);stop-opacity: 1\"><\/stop><stop offset=\"50%\" style=\"stop-color:rgb(255,1,0);stop-opacity: 1\"><\/stop><stop offset=\"100%\" style=\"stop-color:rgb(253,0,86);stop-opacity: 1\"><\/stop><\/linearGradient><path d=\"M 44.999 21.892 c -12.762 0 -23.108 10.346 -23.108 23.108 s 10.346 23.108 23.108 23.108 c 12.763 0 23.108 -10.346 23.108 -23.108 S 57.762 21.892 44.999 21.892 z M 44.999 60 C 36.716 59.999 30 53.284 30 45 c 0 -8.284 6.715 -15 15 -15 c 8.284 0.001 15 6.716 15 15 C 60 53.284 53.284 60 44.999 60 z\" style=\"stroke: none; stroke-width: 1; stroke-dasharray: none; stroke-linecap: butt; stroke-linejoin: miter; stroke-miterlimit: 10; fill: url(#SVGID_4); fill-rule: nonzero; opacity: 1;\" transform=\" matrix(1 0 0 1 0 0) \" stroke-linecap=\"round\"><\/path>\t<linearGradient id=\"SVGID_5\" gradientUnits=\"userSpaceOnUse\" gradientTransform=\"matrix(1 0 0 -1 0 92)\" x1=\"65.2021\" y1=\"67.2024\" x2=\"72.8391\" y2=\"74.8394\"><stop offset=\"0%\" style=\"stop-color:rgb(243,0,114);stop-opacity: 1\"><\/stop><stop offset=\"100%\" style=\"stop-color:rgb(229,0,151);stop-opacity: 1\"><\/stop><\/linearGradient><path d=\"M 74.421 20.979 c 0 2.982 -2.418 5.4 -5.4 5.4 c -2.983 0 -5.4 -2.418 -5.4 -5.4 c 0 -2.983 2.418 -5.4 5.4 -5.4 C 72.003 15.579 74.421 17.997 74.421 20.979 z\" style=\"stroke: none; stroke-width: 1; stroke-dasharray: none; stroke-linecap: butt; stroke-linejoin: miter; stroke-miterlimit: 10; fill: url(#SVGID_5); fill-rule: nonzero; opacity: 1;\" transform=\" matrix(1 0 0 1 0 0) \" stroke-linecap=\"round\"><\/path><\/g><\/svg>\t\t\t\t\t<\/a><br \/>\n\t\t\t\t\t<a href=\"https:\/\/twitter.com\/ClickBeneficios\" target=\"_blank\" rel=\"noopener\"><br \/>\n\t\t\t\t\t\t<svg xmlns:svg=\"http:\/\/www.w3.org\/2000\/svg\" xmlns=\"http:\/\/www.w3.org\/2000\/svg\" xmlns:xlink=\"http:\/\/www.w3.org\/1999\/xlink\" id=\"svg5\" x=\"0px\" y=\"0px\" viewBox=\"0 0 1668.56 1221.19\" style=\"enable-background:new 0 0 1668.56 1221.19;\" xml:space=\"preserve\"><g id=\"layer1\" transform=\"translate(52.390088,-25.058597)\">\t<path id=\"path1009\" d=\"M283.94,167.31l386.39,516.64L281.5,1104h87.51l340.42-367.76L984.48,1104h297.8L874.15,558.3l361.92-390.99  h-87.51l-313.51,338.7l-253.31-338.7H283.94z M412.63,231.77h136.81l604.13,807.76h-136.81L412.63,231.77z\"><\/path><\/g><\/svg>\t\t\t\t\t<\/a><\/p>\n","protected":false},"excerpt":{"rendered":"<p>Quem somos? \u00a0 Uma empresa com 14 anos no mercado. A Clickbenef\u00edcios est\u00e1 presente no mercado h\u00e1 mais de 14 anos, atuando na \u00e1rea de gest\u00e3o de benef\u00edcios de vale transporte, alimenta\u00e7\u00e3o, refei\u00e7\u00e3o, combust\u00edvel, planos de sa\u00fade, planos odontol\u00f3gicos e seguros em geral, oferecendo solu\u00e7\u00f5es e flexibilidade aos seus clientes nos mais diversos produtos e [&hellip;]<\/p>\n","protected":false},"author":1,"featured_media":0,"parent":0,"menu_order":0,"comment_status":"closed","ping_status":"closed","template":"","meta":{"footnotes":""},"class_list":["post-1406","page","type-page","status-publish","hentry"],"_links":{"self":[{"href":"https:\/\/clickbeneficios.net\/index.php\/wp-json\/wp\/v2\/pages\/1406","targetHints":{"allow":["GET"]}}],"collection":[{"href":"https:\/\/clickbeneficios.net\/index.php\/wp-json\/wp\/v2\/pages"}],"about":[{"href":"https:\/\/clickbeneficios.net\/index.php\/wp-json\/wp\/v2\/types\/page"}],"author":[{"embeddable":true,"href":"https:\/\/clickbeneficios.net\/index.php\/wp-json\/wp\/v2\/users\/1"}],"replies":[{"embeddable":true,"href":"https:\/\/clickbeneficios.net\/index.php\/wp-json\/wp\/v2\/comments?post=1406"}],"version-history":[{"count":480,"href":"https:\/\/clickbeneficios.net\/index.php\/wp-json\/wp\/v2\/pages\/1406\/revisions"}],"predecessor-version":[{"id":8809,"href":"https:\/\/clickbeneficios.net\/index.php\/wp-json\/wp\/v2\/pages\/1406\/revisions\/8809"}],"wp:attachment":[{"href":"https:\/\/clickbeneficios.net\/index.php\/wp-json\/wp\/v2\/media?parent=1406"}],"curies":[{"name":"wp","href":"https:\/\/api.w.org\/{rel}","templated":true}]}}