{"id":5605,"date":"2023-05-21T19:33:21","date_gmt":"2023-05-21T22:33:21","guid":{"rendered":"https:\/\/clickbeneficios.net\/?page_id=5605"},"modified":"2023-10-07T21:54:13","modified_gmt":"2023-10-08T00:54:13","slug":"seg-auto","status":"publish","type":"page","link":"https:\/\/clickbeneficios.net\/index.php\/seg-auto\/","title":{"rendered":"Seguro Auto"},"content":{"rendered":"<style>\/*! elementor - v3.16.0 - 20-09-2023 *\/\n.elementor-widget-image{text-align:center}.elementor-widget-image a{display:inline-block}.elementor-widget-image a img[src$=\".svg\"]{width:48px}.elementor-widget-image img{vertical-align:middle;display:inline-block}<\/style>\n<p>\t\t\t\t\t\t\t\t\t\t\t\t<img decoding=\"async\" src=\"https:\/\/clickbeneficios.net\/wp-content\/uploads\/2023\/05\/seguro-auto.jpg\" title=\"seguro-auto\" alt=\"seguro-auto\" loading=\"lazy\" \/>\t\t\t\t\t\t\t\t\t\t\t\t\t\t\t<\/p>\n<style>\/*! elementor - v3.16.0 - 20-09-2023 *\/\n.elementor-column .elementor-spacer-inner{height:var(--spacer-size)}.e-con{--container-widget-width:100%}.e-con-inner>.elementor-widget-spacer,.e-con>.elementor-widget-spacer{width:var(--container-widget-width,var(--spacer-size));--align-self:var(--container-widget-align-self,initial);--flex-shrink:0}.e-con-inner>.elementor-widget-spacer>.elementor-widget-container,.e-con>.elementor-widget-spacer>.elementor-widget-container{height:100%;width:100%}.e-con-inner>.elementor-widget-spacer>.elementor-widget-container>.elementor-spacer,.e-con>.elementor-widget-spacer>.elementor-widget-container>.elementor-spacer{height:100%}.e-con-inner>.elementor-widget-spacer>.elementor-widget-container>.elementor-spacer>.elementor-spacer-inner,.e-con>.elementor-widget-spacer>.elementor-widget-container>.elementor-spacer>.elementor-spacer-inner{height:var(--container-widget-height,var(--spacer-size))}.e-con-inner>.elementor-widget-spacer.elementor-widget-empty,.e-con>.elementor-widget-spacer.elementor-widget-empty{position:relative;min-height:22px;min-width:22px}.e-con-inner>.elementor-widget-spacer.elementor-widget-empty .elementor-widget-empty-icon,.e-con>.elementor-widget-spacer.elementor-widget-empty .elementor-widget-empty-icon{position:absolute;top:0;bottom:0;left:0;right:0;margin:auto;padding:0;width:22px;height:22px}<\/style>\n<p>N\u00f3s sabemos que, no carro, o mais importante para o seu dono \u00e9 a seguran\u00e7a e tranquilidade de quem ele quer bem. Por isso, oferecemos para nossos segurados, o seguro feito para facilitar o seu dia a dia com as melhores condi\u00e7\u00f5es de contrata\u00e7\u00e3o.<\/p>\n<p>Veja alguns benef\u00edcios que voc\u00ea ter\u00e1 na contrata\u00e7\u00e3o de um seguro para seu ve\u00edculo.<\/p>\n<p>Os servi\u00e7os est\u00e3o vinculados ao tipo de ve\u00edculo, ao modelo, a regi\u00e3o e \u00e0s condi\u00e7\u00f5es de contrata\u00e7\u00e3o.<\/p>\n<ul>\n<li style=\"background-image: initial; background-position: initial; background-size: initial; background-repeat: initial; background-attachment: initial; background-origin: initial; background-clip: initial; border: 0px; vertical-align: baseline; pointer-events: auto; font-size: 17px; line-height: 1.7em; color: rgb(var(--color_15));\">Guincho sem limite de quilometragem em todo o Brasil.<\/li>\n<li style=\"background-image: initial; background-position: initial; background-size: initial; background-repeat: initial; background-attachment: initial; background-origin: initial; background-clip: initial; border: 0px; vertical-align: baseline; pointer-events: auto; font-size: 17px; line-height: 1.7em; color: rgb(var(--color_15));\">Consertos de eletrodom\u00e9sticos, computadores e servi\u00e7os emergenciais a resid\u00eancia.<\/li>\n<li style=\"background-image: initial; background-position: initial; background-size: initial; background-repeat: initial; background-attachment: initial; background-origin: initial; background-clip: initial; border: 0px; vertical-align: baseline; pointer-events: auto; font-size: 17px; line-height: 1.7em; color: rgb(var(--color_15));\">Desconto em estacionamentos.<\/li>\n<li style=\"background-image: initial; background-position: initial; background-size: initial; background-repeat: initial; background-attachment: initial; background-origin: initial; background-clip: initial; border: 0px; vertical-align: baseline; pointer-events: auto; font-size: 17px; line-height: 1.7em; color: rgb(var(--color_15));\">Carro extra gr\u00e1tis por at\u00e9 15 dias ou desconto na franquia.<\/li>\n<\/ul>\n<p style=\"background-image: initial; background-position: initial; background-size: initial; background-repeat: initial; background-attachment: initial; background-origin: initial; background-clip: initial; border: 0px; margin-bottom: 0px; vertical-align: baseline; pointer-events: auto; font-size: 17px; line-height: 1.7em; color: rgb(var(--color_15));\">&nbsp;<\/p>\n<p style=\"background-image: initial; background-position: initial; background-size: initial; background-repeat: initial; background-attachment: initial; background-origin: initial; background-clip: initial; border: 0px; margin-bottom: 0px; vertical-align: baseline; pointer-events: auto; font-size: 17px; line-height: 1.7em; color: rgb(var(--color_15));\">&nbsp;<\/p>\n<p style=\"background-image: initial; background-position: initial; background-size: initial; background-repeat: initial; background-attachment: initial; background-origin: initial; background-clip: initial; border: 0px; margin-bottom: 0px; vertical-align: baseline; pointer-events: auto; font-size: 17px; line-height: 1.7em; color: rgb(var(--color_15));\">&nbsp;<\/p>\n<p style=\"background-image: initial; background-position: initial; background-size: initial; background-repeat: initial; background-attachment: initial; background-origin: initial; background-clip: initial; border: 0px; margin-bottom: 0px; vertical-align: baseline; pointer-events: auto; font-size: 17px; line-height: 1.7em; color: rgb(var(--color_15));\">&nbsp;<\/p>\n<p style=\"background-image: initial; background-position: initial; background-size: initial; background-repeat: initial; background-attachment: initial; background-origin: initial; background-clip: initial; border: 0px; margin-bottom: 0px; vertical-align: baseline; pointer-events: auto; font-size: 17px; line-height: 1.7em; color: rgb(var(--color_15));\">&nbsp;<\/p>\n<p style=\"background-image: initial; background-position: initial; background-size: initial; background-repeat: initial; background-attachment: initial; background-origin: initial; background-clip: initial; border: 0px; margin-bottom: 0px; vertical-align: baseline; pointer-events: auto; font-size: 17px; line-height: 1.7em; color: rgb(var(--color_15));\">&nbsp;<\/p>\n<p style=\"background-image: initial; background-position: initial; background-size: initial; background-repeat: initial; background-attachment: initial; background-origin: initial; background-clip: initial; border: 0px; margin-bottom: 0px; vertical-align: baseline; pointer-events: auto; font-size: 17px; line-height: 1.7em; color: rgb(var(--color_15));\">&nbsp;<\/p>\n<p style=\"background-image: initial; background-position: initial; background-size: initial; background-repeat: initial; background-attachment: initial; background-origin: initial; background-clip: initial; border: 0px; margin-bottom: 0px; vertical-align: baseline; pointer-events: auto; font-size: 17px; line-height: 1.7em; color: rgb(var(--color_15));\">&nbsp;<\/p>\n<p style=\"background-image: initial; background-position: initial; background-size: initial; background-repeat: initial; background-attachment: initial; background-origin: initial; background-clip: initial; border: 0px; margin-bottom: 0px; vertical-align: baseline; pointer-events: auto; font-size: 17px; line-height: 1.7em; color: rgb(var(--color_15));\">&nbsp;<\/p>\n<p style=\"background-image: initial; background-position: initial; background-size: initial; background-repeat: initial; background-attachment: initial; background-origin: initial; background-clip: initial; border: 0px; margin-bottom: 0px; vertical-align: baseline; pointer-events: auto; font-size: 17px; line-height: 1.7em; color: rgb(var(--color_15));\">&nbsp;<\/p>\n<p style=\"background-image: initial; background-position: initial; background-size: initial; background-repeat: initial; background-attachment: initial; background-origin: initial; background-clip: initial; border: 0px; margin-bottom: 0px; vertical-align: baseline; pointer-events: auto; font-size: 17px; line-height: 1.7em; color: rgb(var(--color_15));\">&nbsp;&nbsp;&nbsp;&nbsp;<\/p>\n<h4>Esclarecendo algumas quest\u00f5es sobre seguro auto.<\/h4>\n<p>                    <a href=\"#expand-434b688\" aria-expanded=\"false\" data-target=\"#expand-434b688\" aria-controls=\"expand-434b688\"><br \/>\n                        Quais tipos de seguro de carro que existem?<br \/>\n                    <\/a><\/p>\n<p><b>Seguro auto<\/b>\u00a0\u00e9 um produto que possibilita muitas varia\u00e7\u00f5es no momento da contrata\u00e7\u00e3o. Mais do que uma escolha \u00fanica, o seguro de carro apresenta diversas op\u00e7\u00f5es e tipos de coberturas com o intuito de entregar o que h\u00e1 de melhor para o cliente. Entender a necessidade de cada perfil \u00e9 de suma import\u00e2ncia, afinal, um seguro que \u00e9 bom para voc\u00ea pode ser que n\u00e3o seja um bom seguro auto para o seu amigo, por exemplo.<\/p>\n<p>Dentre as op\u00e7\u00f5es atuais, \u00e9 poss\u00edvel fazer a contrata\u00e7\u00e3o de um seguro completo\/compreensivo, seguro auto roubo,\u00a0<b>seguro para terceiros<\/b>,\u00a0<b>seguro de acidentes pessoais a passageiros<\/b>, a instala\u00e7\u00e3o de\u00a0<b>rastreadores, bloqueadores ou localizadores<\/b>, al\u00e9m da inclus\u00e3o de coberturas adicionais, como\u00a0<b>garantia de vidros<\/b>,\u00a0<b>assist\u00eancia 24 horas<\/b>. Tudo depender\u00e1 da\u00a0<b>seguradora<\/b>\u00a0escolhida ou da an\u00e1lise minuciosa que a\u00a0<b>Clickbenef\u00edcios<\/b>\u00a0faz sobre o perfil de cada condutor.<\/p>\n<p>                    <a href=\"#expand-6aaca36\" aria-expanded=\"false\" data-target=\"#expand-6aaca36\" aria-controls=\"expand-6aaca36\"><br \/>\n                        Seguro Completo ou Seguro Compreensivo<br \/>\n                    <\/a><\/p>\n<p>O seguro compreensivo tamb\u00e9m \u00e9 conhecido como seguro total ou seguro completo e \u00e9 o produto que oferece as coberturas mais amplas que o auto e roubo, por exemplo. A cobertura compreensiva ou completa cobre o segurado em casos de colis\u00e3o, inc\u00eandio, furto, roubo e danos causados pela natureza. No entanto, h\u00e1 algumas coberturas que n\u00e3o s\u00e3o indenizadas, como acess\u00f3rios, como r\u00e1dio e rodas especiais. Para estes casos \u00e9 preciso uma cobertura especial al\u00e9m da compreensiva. O mesmo serve para vidros, retrovisores, lanternas e far\u00f3is.<\/p>\n<p>A cobertura compreensiva cobre casos de chuva de granizo, pois \u00e9 um dano da natureza. Algumas seguradoras retiram alguns riscos, como danos decorrentes de guerras e vandalismos. Por isso \u00e9 muito importante consultar as condi\u00e7\u00f5es gerais da sua ap\u00f3lice junto \u00e0 sua\u00a0<b>corretora de seguros<\/b>\u00a0ou seguradora.<\/p>\n<p>                    <a href=\"#expand-16c7527\" aria-expanded=\"false\" data-target=\"#expand-16c7527\" aria-controls=\"expand-16c7527\"><br \/>\n                        Seguro Auto Roubo<br \/>\n                    <\/a><\/p>\n<p>O seguro auto roubo \u00e9 uma prote\u00e7\u00e3o para as pessoas que buscam um produto com menos coberturas do que um seguro completo ou compreensivo. O seguro auto e roubo ir\u00e1 garantir a indeniza\u00e7\u00e3o, caso o seu carro seja furtado ou roubado e n\u00e3o encontrado, de acordo com o que esteja especificado na ap\u00f3lice. Neste tipo de contrata\u00e7\u00e3o de seguro auto, as\u00a0<b>seguradoras<\/b>\u00a0solicitam que haja a instala\u00e7\u00e3o de um rastreador, o que pode ajudar na hora que o ve\u00edculo estiver sendo procurado devido a um roubo ou furto.<\/p>\n<p>Neste tipo de seguro n\u00e3o h\u00e1 prote\u00e7\u00e3o, por exemplo, contra batidas,\u00a0<b>seguro para terceiros<\/b>,\u00a0<b>garantia de vidros<\/b>,\u00a0<b>assist\u00eancia 24 horas<\/b> ou outros tipos de coberturas, pois \u00e9 um produto mais simples e com a segmenta\u00e7\u00e3o apenas para roubo e furto.\u00a0<\/p>\n<p>                    <a href=\"#expand-28fae9f\" aria-expanded=\"false\" data-target=\"#expand-28fae9f\" aria-controls=\"expand-28fae9f\"><br \/>\n                        Seguro para terceiros<br \/>\n                    <\/a><\/p>\n<p>O\u00a0<b>seguro de carro para terceiros<\/b>\u00a0indeniza, dentro do valor estipulado na ap\u00f3lice, os danos causados em outro carro ou at\u00e9 pessoas, como pedestres. Com o seguro para terceiros \u00e9 poss\u00edvel acionar a\u00a0<b>seguradora<\/b>\u00a0para custear o conserto do carro que sofreu a colis\u00e3o, n\u00e3o o do segurado, ou da indeniza\u00e7\u00e3o aos pedestres, poupando que haja gastos inesperados.<\/p>\n<p>Esse tipo de seguro tem um nome outro nome oficial: RCF-V (Responsabilidade Civil Facultativo de Ve\u00edculos). Ela \u00e9, basicamente, uma prote\u00e7\u00e3o contra batidas que voc\u00ea possa dar em outros carros. \u00c9 t\u00e3o importante que algumas pessoas buscam somente esse seguro no momento da contrata\u00e7\u00e3o junto \u00e0s seguradoras.<\/p>\n<p>O seguro para terceiros oferece cobertura de danos materiais, danos pessoais ou corporais e danos morais.<\/p>\n<p>Saiba mais sobre\u00a0<b>seguro para terceiros<\/b>.<\/p>\n<p>                    <a href=\"#expand-3a3b218\" aria-expanded=\"false\" data-target=\"#expand-3a3b218\" aria-controls=\"expand-3a3b218\"><br \/>\n                        Seguro de acidentes de passageiros (Seguro APP)<br \/>\n                    <\/a><\/p>\n<p>O\u00a0<b>Seguro APP\u00a0<\/b>(Seguro de Acidente Pessoais a Passageiros) nada mais \u00e9 que um seguro para acidentes pessoais que envolvam passageiros em casos de batidas que haja necessidade de socorro ou que o passageiro tenha ferimentos mais graves, como morte ou invalidez. O seguro APP, por exemplo, \u00e9 obrigat\u00f3rio para quem vai fazer um\u00a0<b>seguro para Uber<\/b>.<\/p>\n<p>Os acontecimentos que ser\u00e3o segurados s\u00e3o casos de morte ou invalidez, permanente ou parcial, dos passageiros, incluindo o motorista. A cobertura do seguro de acidentes pessoais a passageiros tamb\u00e9m arca com despesas m\u00e9dicas e hospitalares para atendimento do passageiro, caso seja necess\u00e1rio.<\/p>\n<p>A cobertura n\u00e3o ir\u00e1 indenizar danos f\u00edsicos tempor\u00e1rios, como, um corte ou dores por conta de uma batida, sem que resulte em danos permanentes.<\/p>\n<p>                    <a href=\"#expand-1446fd4\" aria-expanded=\"false\" data-target=\"#expand-1446fd4\" aria-controls=\"expand-1446fd4\"><br \/>\n                        Rastreador, bloqueador ou localizador<br \/>\n                    <\/a><\/p>\n<p>Al\u00e9m de proteger o carro com um\u00a0<b>seguro auto<\/b>, h\u00e1 alternativas que podem complementar a seguran\u00e7a do ve\u00edculo, como os\u00a0<b>rastreadores, bloqueadores e localizadores<\/b>. Mas, apesar da popularidade ainda h\u00e1 d\u00favida sobre a real diferen\u00e7a entre os itens. Mesmo sendo usados com uma \u00fanica finalidade, os equipamentos atuam de maneira diferente.<\/p>\n<p>Os bloqueadores s\u00e3o os mais simples dos tr\u00eas equipamentos. Ele serve apenas para travar o ve\u00edculo, impedindo qualquer arranque de quem estiver guiando.\u00a0<\/p>\n<p>J\u00e1 os localizadores s\u00e3o produtos mais avan\u00e7ados do que os bloqueadores, informando a localiza\u00e7\u00e3o, por\u00e9m, n\u00e3o com tanta precis\u00e3o. Por usarem t\u00e9cnicas de r\u00e1dio-frequ\u00eancia, que limitam as \u00e1reas de cobertura a regi\u00f5es metropolitanas e cidades pontuais, o alcance pode n\u00e3o fornecer os melhores dados.\u00a0<\/p>\n<p>Por fim, os rastreadores s\u00e3o os mais os mais sofisticados dos equipamentos. Eles contam com uma solu\u00e7\u00e3o completa, que mostra precisamente onde o ve\u00edculo est\u00e1, al\u00e9m de todo o trajeto percorrido pelo carro. Isso ajuda muito em casos de roubo e furto, pois a central de rastreamento recebe constantemente os sinais da localiza\u00e7\u00e3o.\u00a0<\/p>\n<p>                    <a href=\"#expand-04432c5\" aria-expanded=\"false\" data-target=\"#expand-04432c5\" aria-controls=\"expand-04432c5\"><br \/>\n                        Seguro DPVAT<br \/>\n                    <\/a><\/p>\n<p>O<b><a href=\"https:\/\/www.gov.br\/susep\/pt-br\/planos-e-produtos\/seguros\/dpvat\" target=\"_blank\" rel=\"noopener\">\u00a0seguro DPVAT<\/a><\/b>\u00a0(Seguro de Danos Pessoais Causados por Ve\u00edculos Automotores de Vias Terrestres) \u00e9 popularmente conhecido como seguro obrigat\u00f3rio e deve ser pago junto \u00e0s outras do in\u00edcio do ano, como o IPVA do carro e o licenciamento.<\/p>\n<p>Como o nome diz, o seguro \u00e9 voltado para indenizar os danos pessoais do motorista, passageiros e demais envolvidos em um poss\u00edvel acidente. O DPVAT possui tr\u00eas tipos de cobertura: morte, invalidez permanente e despesas m\u00e9dicas.\u00a0<\/p>\n<p>Uma caracter\u00edstica do seguro DPVAT \u00e9 a garantia da indeniza\u00e7\u00e3o independentemente da responsabilidade da autoria do acidente, pois o seguro, neste caso, n\u00e3o analisa os culpados.<\/p>\n<h4>Preciso de um Seguro Auto?<\/h4>\n<h3 style=\"text-align: left;\">Seu mais novo Seguro Auto \u00e9 aqui na Click!<\/h3>\n<p>\t\t\t\t<video id=\"eaelsv-player-396eda4\" playsinline controls data-plyr-config=\"{&quot;autoplay&quot;:1, &quot;muted&quot;:0, &quot;loop&quot;: {&quot;active&quot;: false}}\"><source src=\"https:\/\/clickbeneficios.net\/wp-content\/uploads\/2023\/10\/SegAutoClick.mp4#t=,\" type=\"video\/mp4\" \/><\/video><\/p>\n<style>\/*! elementor - v3.16.0 - 20-09-2023 *\/\n.elementor-heading-title{padding:0;margin:0;line-height:1}.elementor-widget-heading .elementor-heading-title[class*=elementor-size-]>a{color:inherit;font-size:inherit;line-height:inherit}.elementor-widget-heading .elementor-heading-title.elementor-size-small{font-size:15px}.elementor-widget-heading .elementor-heading-title.elementor-size-medium{font-size:19px}.elementor-widget-heading .elementor-heading-title.elementor-size-large{font-size:29px}.elementor-widget-heading .elementor-heading-title.elementor-size-xl{font-size:39px}.elementor-widget-heading .elementor-heading-title.elementor-size-xxl{font-size:59px}<\/style>\n<h3>Na Click trabalhamos com as melhores!<\/h3>\n<p>Temos a sua disposi\u00e7\u00e3o as melhores seguradoras do mercado, com os melhores valores e coberturas que atendam a sua necessidade.\u00a0<\/p>\n<p>Quando nos referimos \u00e0s melhores seguradoras do Brasil em vendas de seguro total, a lideran\u00e7a fica com Bradesco Seguros, enquanto Porto Seguro em terceiro e Zurich em quinto, fazendo parte das empresas que comp\u00f5em o Top 5 das melhores seguradoras do Brasil em seguros totais. J\u00e1 em termos de seguradoras de ve\u00edculos, s\u00f3 voltadas para este ramo, a lista das melhores \u00e9 compostas por:<\/p>\n<p>Todas essas seguradoras trabalham com a Click, mostrando que somos um corretora online extremamente preocupada com o cliente, afinal, fazemos quest\u00e3o de ter ao nosso lado as melhores seguradoras do Brasil.<\/p>\n<p>\t\t\t<a href=\"https:\/\/api.whatsapp.com\/send\/?phone=5571992198226&#038;text&#038;type=phone_number&#038;app_absent=0\" target=\"_blank\" rel=\"noopener\">Fa\u00e7a sua cota\u00e7\u00e3o! <\/a><\/p>\n","protected":false},"excerpt":{"rendered":"<p>N\u00f3s sabemos que, no carro, o mais importante para o seu dono \u00e9 a seguran\u00e7a e tranquilidade de quem ele quer bem. Por isso, oferecemos para nossos segurados, o seguro feito para facilitar o seu dia a dia com as melhores condi\u00e7\u00f5es de contrata\u00e7\u00e3o. Veja alguns benef\u00edcios que voc\u00ea ter\u00e1 na contrata\u00e7\u00e3o de um seguro [&hellip;]<\/p>\n","protected":false},"author":2,"featured_media":0,"parent":0,"menu_order":0,"comment_status":"closed","ping_status":"closed","template":"","meta":{"footnotes":""},"class_list":["post-5605","page","type-page","status-publish","hentry"],"_links":{"self":[{"href":"https:\/\/clickbeneficios.net\/index.php\/wp-json\/wp\/v2\/pages\/5605","targetHints":{"allow":["GET"]}}],"collection":[{"href":"https:\/\/clickbeneficios.net\/index.php\/wp-json\/wp\/v2\/pages"}],"about":[{"href":"https:\/\/clickbeneficios.net\/index.php\/wp-json\/wp\/v2\/types\/page"}],"author":[{"embeddable":true,"href":"https:\/\/clickbeneficios.net\/index.php\/wp-json\/wp\/v2\/users\/2"}],"replies":[{"embeddable":true,"href":"https:\/\/clickbeneficios.net\/index.php\/wp-json\/wp\/v2\/comments?post=5605"}],"version-history":[{"count":148,"href":"https:\/\/clickbeneficios.net\/index.php\/wp-json\/wp\/v2\/pages\/5605\/revisions"}],"predecessor-version":[{"id":8629,"href":"https:\/\/clickbeneficios.net\/index.php\/wp-json\/wp\/v2\/pages\/5605\/revisions\/8629"}],"wp:attachment":[{"href":"https:\/\/clickbeneficios.net\/index.php\/wp-json\/wp\/v2\/media?parent=5605"}],"curies":[{"name":"wp","href":"https:\/\/api.w.org\/{rel}","templated":true}]}}