{"id":6762,"date":"2023-05-25T10:08:23","date_gmt":"2023-05-25T13:08:23","guid":{"rendered":"https:\/\/clickbeneficios.net\/?page_id=6762"},"modified":"2023-05-25T15:30:17","modified_gmt":"2023-05-25T18:30:17","slug":"amil","status":"publish","type":"page","link":"https:\/\/clickbeneficios.net\/index.php\/amil\/","title":{"rendered":"Amil"},"content":{"rendered":"<h1>Plano de Sa\u00fade &#8211; Amil<\/h1>\n<p>A hist\u00f3ria da Amil se iniciou em 1972, pela Casa de Sa\u00fade S\u00e3o Jos\u00e9, que na \u00e9poca era uma pequena cl\u00ednica em Duque de Caxias. Ap\u00f3s cinco anos, se transformou na maior maternidade do Rio de Janeiro. Logo depois, as cl\u00ednicas Somicol (Hospital de Cl\u00ednicas Mario Lioni) e Santa Rita tamb\u00e9m foram compradas.<\/p>\n<p>Com o crescimento, a Empresa de Servi\u00e7os Hospitalares (Esho) foi criada para administrar as cl\u00ednicas. Os recursos ganhos pela Esho possibilitaram a cria\u00e7\u00e3o da Amil Assist\u00eancia M\u00e9dica Internacional, no ano de 1978, no Rio de Janeiro.<\/p>\n<p>Hoje em dia, a Amil trabalha para proporcionar a melhor experi\u00eancia para seus clientes, atrav\u00e9s de seus valores de integridade, compaix\u00e3o, relacionamentos, inova\u00e7\u00e3o e performance. Com a miss\u00e3o de ajudar as pessoas a viverem de uma forma melhor e mais saud\u00e1vel, a operadora trabalha para propiciar cuidado certo, na hora certa, no lugar certo para as pessoas.<\/p>\n<p>Amil conta com cerca de 6,1 milh\u00f5es de benefici\u00e1rios, mais de 5,9 mil laborat\u00f3rios e centros de diagn\u00f3sticos credenciados, mais de 367 mil empresas-clientes, entre outros.<\/p>\n<p>A operadora faz parte da UnitedHealth Group, uma das empresas mais admiradas em seu segmento. A empresa de sede nos EUA, oferece servi\u00e7os de sa\u00fade para mais de 130 pa\u00edses e aproximadamente 140 milh\u00f5es de pessoas.<\/p>\n<p>\u00a0<\/p>\n<h2>Para voc\u00ea e sua fam\u00edlia<\/h2>\n<p>Com a finalidade de proporcionar qualidade de vida, sa\u00fade, bem-estar e seguran\u00e7a, a Amil oferece os planos de sa\u00fade que cabem no seu bolso, garantindo atendimento m\u00e9dico e hospitalar para voc\u00ea e sua fam\u00edlia. Os planos contam com ampla rede credenciada, onde o cliente est\u00e1 no centro de todas as decis\u00f5es.<\/p>\n<p>No Sistema de Sa\u00fade Amil, o cliente tem todo o apoio que a Aten\u00e7\u00e3o Prim\u00e1ria proporciona e que resolve cerca de 80% das situa\u00e7\u00f5es. \u00c9 uma retaguarda completa e conectada, que garante o cuidado mesmo nas situa\u00e7\u00f5es de alta complexidade. Ele engloba um modelo de coordena\u00e7\u00e3o do cuidado que d\u00e1 as m\u00e3os ao cliente, conduzindo-o por uma estrutura que alia tudo o que \u00e9 preciso para que ele tenha sempre o cuidado certo.<\/p>\n<p>Os produtos da Amil disponibilizam planos com abrang\u00eancia nacional e regional, ofertando al\u00e9m da rede credenciada, livre escolha para que seu atendimento seja feito em algum prestador de sua prefer\u00eancia, atrav\u00e9s de reembolso, dentro dos limites do contrato.<\/p>\n<p>Com a Amil, al\u00e9m de ter um excelente plano de sa\u00fade com condi\u00e7\u00f5es diferenciadas de custos e coberturas, confira outras vantagens que o plano de sa\u00fade oferece: descontos em medicamentos, possibilidade de contrata\u00e7\u00e3o do plano odontol\u00f3gico, programas de preven\u00e7\u00e3o \u00e0 sa\u00fade. Tudo isso para garantir qualidade e bem-estar para voc\u00ea e sua fam\u00edlia. Com a Amil, o cuidado \u00e9 certo!<\/p>\n<p>A Amil facilita a sua tomada de decis\u00e3o na hora de escolher seu plano de sa\u00fade:\u00a0<\/p>\n<p>Onde quer que voc\u00ea esteja, h\u00e1 sempre um plano de sa\u00fade Amil para atender voc\u00ea e sua fam\u00edlia.<\/p>\n<h2>Para sua Empresa<\/h2>\n<p>Porque sua empresa deve escolher o plano de sa\u00fade Amil:<\/p>\n<style>\/*! elementor - v3.13.3 - 22-05-2023 *\/\n.elementor-widget-image{text-align:center}.elementor-widget-image a{display:inline-block}.elementor-widget-image a img[src$=\".svg\"]{width:48px}.elementor-widget-image img{vertical-align:middle;display:inline-block}<\/style>\n<p>\t\t\t\t\t\t\t\t\t\t\t\t<img width=\"966\" height=\"454\" src=\"https:\/\/clickbeneficios.net\/wp-content\/uploads\/2023\/05\/Screenshot_2.png\" alt=\"\" decoding=\"async\" loading=\"lazy\" srcset=\"https:\/\/clickbeneficios.net\/wp-content\/uploads\/2023\/05\/Screenshot_2.png 966w, https:\/\/clickbeneficios.net\/wp-content\/uploads\/2023\/05\/Screenshot_2-300x141.png 300w, https:\/\/clickbeneficios.net\/wp-content\/uploads\/2023\/05\/Screenshot_2-768x361.png 768w\" sizes=\"auto, (max-width: 966px) 100vw, 966px\" \/>\t\t\t\t\t\t\t\t\t\t\t\t\t\t\t<\/p>\n<p>Os planos de sa\u00fade Amil s\u00e3o estruturados para atender qualquer tipo e tamanho de empresa, independente do segmento de atua\u00e7\u00e3o, j\u00e1 que oferecem produtos customizados para diversos perfis de p\u00fablicos.<\/p>\n<p>A Amil criou um sistema completo e integrado, que possibilita fornecer um modelo de coordena\u00e7\u00e3o do cuidado capaz de proporcionar aos pacientes um resultado de melhor qualidade. Com o Sistema de Sa\u00fade Amil, o benefici\u00e1rio tem o cuidado certo, no lugar certo, na hora certa. E as empresas t\u00eam funcion\u00e1rios mais produtivos e um custo sob controle.<\/p>\n<p>A Amil oferece planos de sa\u00fade empresariais em 3 modalidades de contrata\u00e7\u00e3o:<\/p>\n<ul>\n<li>Empresas de 20 \u00e0 29 vidas.<\/li>\n<li>Empresas de 30 \u00e0 99 vidas.<\/li>\n<li>Empresas a partir de 100 vidas.<\/li>\n<\/ul>\n<p>Ao contratar os planos de sa\u00fade da Amil, a empresa tem acesso \u00e0:<\/p>\n<p>Equipe m\u00e9dica multidisciplinar.<\/p>\n<p>Rede credenciada nacional e regional<\/p>\n<p>Acomoda\u00e7\u00e3o hospitalar em quarto privativo ou coletivo<\/p>\n<p>Produtos Premium com cobertura e servi\u00e7os diferenciados (vacinas, coleta domiciliar, assist\u00eancia internacional, courier, reembolso de consultas m\u00e9dicas em at\u00e9 24 horas, check up, entre outros)<\/p>\n<p>Desconto em medicamentos<\/p>\n<p>Programas e a\u00e7\u00f5es focados na promo\u00e7\u00e3o da sa\u00fade, preven\u00e7\u00e3o e tratamento de doen\u00e7as<\/p>\n<p>Medicina avan\u00e7ada e elevado padr\u00e3o tecnol\u00f3gico, com acesso aos principais prestadores do Brasil, como por exemplo Hospital Albert Einstein, S\u00edrio Liban\u00eas, Oswaldo Cruz, Fleury, Alta Diagnostica, entre outros, conforme categoria do plano escolhido<\/p>\n<p>\u00a0<\/p>\n<p>Com a Amil os colaboradores da empresa ter\u00e3o acesso as coberturas de:<\/p>\n<p>O bem-estar dos funcion\u00e1rios \u00e9 fundamental para o sucesso da sua empresa. Por isso, conte com Amil na hora de oferecer assist\u00eancia e prote\u00e7\u00e3o.<\/p>\n<p>S\u00e3o v\u00e1rios tipos de planos para atender voc\u00ea e sua equipe com a qualidade que voc\u00eas merecem.<\/p>\n<p>Veja como podemos ajudar a sua empresa.<\/p>\n<h2>Planos<\/h2>\n<p>A Amil conta com tr\u00eas planos diferenciados que melhor se adequam para sua empresa ou fam\u00edlia.<\/p>\n<h2>Diferenciais<\/h2>\n<p>A Amil conta com alguns diferenciais com o objetivo de facilitar e melhorar o atendimento para seus clientes. Os diferenciais ajudar\u00e3o a ter melhores resultados no objetivo de uma vida mais saud\u00e1vel.<\/p>\n<p>O Amil Espa\u00e7o Sa\u00fade s\u00e3o unidades que comportam equipes de m\u00e9dicos, enfermeiros e agentes de sa\u00fade, com o foco no modelo de Aten\u00e7\u00e3o Prim\u00e1ria e Coordena\u00e7\u00e3o do Cuidado. Conta com 34 Amil Espa\u00e7o Sa\u00fade e 34 unidades ambulatoriais, de pronto atendimento e diagn\u00f3sticos, centros m\u00e9dicos e cl\u00ednicas.<\/p>\n<p>Entre as vantagens est\u00e3o:<\/p>\n<p>O Programas de Sa\u00fade visa como alvo principal um cuidado mais efetivo e aproximado, com programas exclusivos nos espa\u00e7os Amil Espa\u00e7o Sa\u00fade. Os programas s\u00e3o<\/p>\n<p>Entre os benef\u00edcios tamb\u00e9m tem o Cuidado Remoto:<\/p>\n<p>Possivelmente o diferencial mais conhecido da Amil, o Amil Resgate proporciona acessibilidade a ambul\u00e2ncias, helic\u00f3pteros e jatos, al\u00e9m de uma equipe m\u00e9dica eficiente para o transporte de pacientes em estados graves.<\/p>\n<style>\/*! elementor - v3.13.3 - 22-05-2023 *\/\n.elementor-column .elementor-spacer-inner{height:var(--spacer-size)}.e-con{--container-widget-width:100%}.e-con-inner>.elementor-widget-spacer,.e-con>.elementor-widget-spacer{width:var(--container-widget-width,var(--spacer-size));--align-self:var(--container-widget-align-self,initial);--flex-shrink:0}.e-con-inner>.elementor-widget-spacer>.elementor-widget-container,.e-con-inner>.elementor-widget-spacer>.elementor-widget-container>.elementor-spacer,.e-con>.elementor-widget-spacer>.elementor-widget-container,.e-con>.elementor-widget-spacer>.elementor-widget-container>.elementor-spacer{height:100%}.e-con-inner>.elementor-widget-spacer>.elementor-widget-container>.elementor-spacer>.elementor-spacer-inner,.e-con>.elementor-widget-spacer>.elementor-widget-container>.elementor-spacer>.elementor-spacer-inner{height:var(--container-widget-height,var(--spacer-size))}<\/style>\n<p>\t\t\t<a href=\"https:\/\/api.whatsapp.com\/send\/?phone=5571992198226&#038;text&#038;type=phone_number&#038;app_absent=0\" target=\"_blank\" rel=\"noopener\">Fa\u00e7a sua cota\u00e7\u00e3o!<\/a><\/p>\n","protected":false},"excerpt":{"rendered":"<p>Plano de Sa\u00fade &#8211; Amil A hist\u00f3ria da Amil se iniciou em 1972, pela Casa de Sa\u00fade S\u00e3o Jos\u00e9, que na \u00e9poca era uma pequena cl\u00ednica em Duque de Caxias. Ap\u00f3s cinco anos, se transformou na maior maternidade do Rio de Janeiro. Logo depois, as cl\u00ednicas Somicol (Hospital de Cl\u00ednicas Mario Lioni) e Santa Rita [&hellip;]<\/p>\n","protected":false},"author":2,"featured_media":0,"parent":0,"menu_order":0,"comment_status":"closed","ping_status":"closed","template":"","meta":{"footnotes":""},"class_list":["post-6762","page","type-page","status-publish","hentry"],"_links":{"self":[{"href":"https:\/\/clickbeneficios.net\/index.php\/wp-json\/wp\/v2\/pages\/6762","targetHints":{"allow":["GET"]}}],"collection":[{"href":"https:\/\/clickbeneficios.net\/index.php\/wp-json\/wp\/v2\/pages"}],"about":[{"href":"https:\/\/clickbeneficios.net\/index.php\/wp-json\/wp\/v2\/types\/page"}],"author":[{"embeddable":true,"href":"https:\/\/clickbeneficios.net\/index.php\/wp-json\/wp\/v2\/users\/2"}],"replies":[{"embeddable":true,"href":"https:\/\/clickbeneficios.net\/index.php\/wp-json\/wp\/v2\/comments?post=6762"}],"version-history":[{"count":31,"href":"https:\/\/clickbeneficios.net\/index.php\/wp-json\/wp\/v2\/pages\/6762\/revisions"}],"predecessor-version":[{"id":6934,"href":"https:\/\/clickbeneficios.net\/index.php\/wp-json\/wp\/v2\/pages\/6762\/revisions\/6934"}],"wp:attachment":[{"href":"https:\/\/clickbeneficios.net\/index.php\/wp-json\/wp\/v2\/media?parent=6762"}],"curies":[{"name":"wp","href":"https:\/\/api.w.org\/{rel}","templated":true}]}}