{"id":8076,"date":"2023-08-08T09:28:31","date_gmt":"2023-08-08T12:28:31","guid":{"rendered":"https:\/\/clickbeneficios.net\/index.php\/boa-saude-copy\/"},"modified":"2023-08-08T11:04:11","modified_gmt":"2023-08-08T14:04:11","slug":"bluecorp-copy","status":"publish","type":"page","link":"https:\/\/clickbeneficios.net\/index.php\/bluecorp-copy\/","title":{"rendered":"Blue"},"content":{"rendered":"<style>\/*! elementor - v3.15.0 - 02-08-2023 *\/\n.elementor-column .elementor-spacer-inner{height:var(--spacer-size)}.e-con{--container-widget-width:100%}.e-con-inner>.elementor-widget-spacer,.e-con>.elementor-widget-spacer{width:var(--container-widget-width,var(--spacer-size));--align-self:var(--container-widget-align-self,initial);--flex-shrink:0}.e-con-inner>.elementor-widget-spacer>.elementor-widget-container,.e-con-inner>.elementor-widget-spacer>.elementor-widget-container>.elementor-spacer,.e-con>.elementor-widget-spacer>.elementor-widget-container,.e-con>.elementor-widget-spacer>.elementor-widget-container>.elementor-spacer{height:100%}.e-con-inner>.elementor-widget-spacer>.elementor-widget-container>.elementor-spacer>.elementor-spacer-inner,.e-con>.elementor-widget-spacer>.elementor-widget-container>.elementor-spacer>.elementor-spacer-inner{height:var(--container-widget-height,var(--spacer-size))}<\/style>\n<h2>J\u00e1 conhece a QualiPRO?<\/h2>\n<p>Em parceria com a Qualicorp, oferecemos um plano de sa\u00fade oferecido em car\u00e1ter e condi\u00e7\u00f5es especiais, um seguro coletivo por ades\u00e3o Bradesco Sa\u00fade. Os profissionais devidamente registrados em sua respectiva entidade podem aderir ao benef\u00edcios e incluir seus dependentes legais, conforme condi\u00e7\u00f5es contratuais.<\/p>\n<p>Por exemplo: ABO-BA, ABRADIR, ABRACEM, AMB, AVAASP, CRA-BA, FECOM\u00c9RCIO-BA, FECONETE, GASP, UBES e UNE.<\/p>\n<p>\t\t\t<a href=\"https:\/\/clickbeneficios.net\/wp-content\/uploads\/2023\/08\/Blue-QualiPRO.pdf\"   >Saiba Mais! <\/a>\n\t\t\t<link rel=\"stylesheet\" href=\"https:\/\/clickbeneficios.net\/wp-content\/plugins\/pro-elements\/assets\/css\/widget-animated-headline.min.css\">\n<h3>\n\t\t\t\t\tPor que ser<br \/>\n\t\t\t\t\tBlue?<br \/>\n\t\t\t\t<\/h3>\n<p>\t\t<iframe loading=\"lazy\" title=\"bom dia! novo plano de sa\u00fade BLUE!\" width=\"500\" height=\"281\" src=\"https:\/\/www.youtube.com\/embed\/dEdIO2kN94k?feature=oembed\" frameborder=\"0\" allow=\"accelerometer; autoplay; clipboard-write; encrypted-media; gyroscope; picture-in-picture; web-share\" referrerpolicy=\"strict-origin-when-cross-origin\" allowfullscreen><\/iframe>\t\t<\/p>\n<p>Para todos os planos relacionados no material anexo em &#8220;Saiba Mais&#8221;, os servi\u00e7os ofertados, t\u00eam contempladas as coberturas previstas no Rol de Procedimentos e Eventos em Sa\u00fade da ANS vigente \u00e0 \u00e9poca do evento.\u00a0<\/p>\n<p>Confira\u00a0 na documenta\u00e7\u00e3o que disponibilizamos tudo que \u00e9 necess\u00e1rio para que voc\u00ea possa contar com uma das melhores coberturas do mercado.<\/p>\n<p>Entre em contato e conhe\u00e7a mais sobre os benef\u00edcios de contar com um excelente plano de sa\u00fade para sua entidade de classe.<\/p>\n<p>Conte tamb\u00e9m com a central de servi\u00e7os da Qualicorp e seus canais de comunica\u00e7\u00e3o para quaisquer esclarecimentos.<\/p>\n<p>\t\t\t<a href=\"https:\/\/api.whatsapp.com\/send\/?phone=5571992198226&#038;text&#038;type=phone_number&#038;app_absent=0\"   >Fa\u00e7a sua cota\u00e7\u00e3o!<\/a><\/p>\n","protected":false},"excerpt":{"rendered":"<p>J\u00e1 conhece a QualiPRO? Em parceria com a Qualicorp, oferecemos um plano de sa\u00fade oferecido em car\u00e1ter e condi\u00e7\u00f5es especiais, um seguro coletivo por ades\u00e3o Bradesco Sa\u00fade. Os profissionais devidamente registrados em sua respectiva entidade podem aderir ao benef\u00edcios e incluir seus dependentes legais, conforme condi\u00e7\u00f5es contratuais. Por exemplo: ABO-BA, ABRADIR, ABRACEM, AMB, AVAASP, CRA-BA, [&hellip;]<\/p>\n","protected":false},"author":2,"featured_media":0,"parent":0,"menu_order":0,"comment_status":"closed","ping_status":"closed","template":"","meta":{"footnotes":""},"class_list":["post-8076","page","type-page","status-publish","hentry"],"_links":{"self":[{"href":"https:\/\/clickbeneficios.net\/index.php\/wp-json\/wp\/v2\/pages\/8076","targetHints":{"allow":["GET"]}}],"collection":[{"href":"https:\/\/clickbeneficios.net\/index.php\/wp-json\/wp\/v2\/pages"}],"about":[{"href":"https:\/\/clickbeneficios.net\/index.php\/wp-json\/wp\/v2\/types\/page"}],"author":[{"embeddable":true,"href":"https:\/\/clickbeneficios.net\/index.php\/wp-json\/wp\/v2\/users\/2"}],"replies":[{"embeddable":true,"href":"https:\/\/clickbeneficios.net\/index.php\/wp-json\/wp\/v2\/comments?post=8076"}],"version-history":[{"count":55,"href":"https:\/\/clickbeneficios.net\/index.php\/wp-json\/wp\/v2\/pages\/8076\/revisions"}],"predecessor-version":[{"id":8141,"href":"https:\/\/clickbeneficios.net\/index.php\/wp-json\/wp\/v2\/pages\/8076\/revisions\/8141"}],"wp:attachment":[{"href":"https:\/\/clickbeneficios.net\/index.php\/wp-json\/wp\/v2\/media?parent=8076"}],"curies":[{"name":"wp","href":"https:\/\/api.w.org\/{rel}","templated":true}]}}